{"id":49549,"date":"2025-02-12T18:11:30","date_gmt":"2025-02-12T21:11:30","guid":{"rendered":"https:\/\/locreamosdigital.com\/?page_id=49549"},"modified":"2025-02-12T18:19:39","modified_gmt":"2025-02-12T21:19:39","slug":"diseno-de-curriculum-profesional","status":"publish","type":"page","link":"https:\/\/locreamosdigital.com\/index.php\/diseno-de-curriculum-profesional\/","title":{"rendered":"Dise\u00f1o de Curriculum Profesional"},"content":{"rendered":"\t\t<div data-elementor-type=\"wp-post\" data-elementor-id=\"49549\" class=\"elementor elementor-49549\" data-elementor-post-type=\"page\">\n\t\t\t\t\t\t<section class=\"elementor-section elementor-top-section elementor-element elementor-element-fa4c966 elementor-section-stretched elementor-section-boxed elementor-section-height-default elementor-section-height-default\" data-id=\"fa4c966\" data-element_type=\"section\" data-settings=\"{&quot;stretch_section&quot;:&quot;section-stretched&quot;}\">\n\t\t\t\t\t\t<div class=\"elementor-container elementor-column-gap-default\">\n\t\t\t\t\t<div class=\"elementor-column elementor-col-50 elementor-top-column elementor-element elementor-element-8b730bc\" data-id=\"8b730bc\" data-element_type=\"column\">\n\t\t\t<div class=\"elementor-widget-wrap elementor-element-populated\">\n\t\t\t\t\t\t<div class=\"elementor-element elementor-element-2a8d4ab elementor-widget elementor-widget-image\" data-id=\"2a8d4ab\" data-element_type=\"widget\" data-widget_type=\"image.default\">\n\t\t\t\t<div class=\"elementor-widget-container\">\n\t\t\t\t\t\t\t\t\t\t\t\t\t<img fetchpriority=\"high\" decoding=\"async\" width=\"1024\" height=\"649\" src=\"https:\/\/locreamosdigital.com\/wp-content\/uploads\/2025\/02\/Creacion-de-Curriculum-Profesional-1024x649.jpg\" class=\"attachment-large size-large wp-image-49551\" alt=\"\" srcset=\"https:\/\/locreamosdigital.com\/wp-content\/uploads\/2025\/02\/Creacion-de-Curriculum-Profesional-1024x649.jpg 1024w, https:\/\/locreamosdigital.com\/wp-content\/uploads\/2025\/02\/Creacion-de-Curriculum-Profesional-300x190.jpg 300w, https:\/\/locreamosdigital.com\/wp-content\/uploads\/2025\/02\/Creacion-de-Curriculum-Profesional-768x487.jpg 768w, https:\/\/locreamosdigital.com\/wp-content\/uploads\/2025\/02\/Creacion-de-Curriculum-Profesional-600x380.jpg 600w, https:\/\/locreamosdigital.com\/wp-content\/uploads\/2025\/02\/Creacion-de-Curriculum-Profesional.jpg 1055w\" sizes=\"(max-width: 1024px) 100vw, 1024px\" \/>\t\t\t\t\t\t\t\t\t\t\t\t\t<\/div>\n\t\t\t\t<\/div>\n\t\t\t\t\t<\/div>\n\t\t<\/div>\n\t\t\t\t<div class=\"elementor-column elementor-col-50 elementor-top-column elementor-element elementor-element-514b4de\" data-id=\"514b4de\" data-element_type=\"column\">\n\t\t\t<div class=\"elementor-widget-wrap elementor-element-populated\">\n\t\t\t\t\t\t<div class=\"elementor-element elementor-element-3dd5c88 elementor-widget elementor-widget-text-editor\" data-id=\"3dd5c88\" data-element_type=\"widget\" data-widget_type=\"text-editor.default\">\n\t\t\t\t<div class=\"elementor-widget-container\">\n\t\t\t\t\t\t\t<h2 style=\"text-align: center;\"><span style=\"font-size: 23px; letter-spacing: 0.3px;\">Creaci\u00f3n de\u00a0 Curr\u00edculum\u00a0 PROFESIONAL\u00a0<\/span><\/h2>\t\t\t\t\t\t<\/div>\n\t\t\t\t<\/div>\n\t\t\t\t<div class=\"elementor-element elementor-element-fca06f2 elementor-widget elementor-widget-text-editor\" data-id=\"fca06f2\" data-element_type=\"widget\" data-widget_type=\"text-editor.default\">\n\t\t\t\t<div class=\"elementor-widget-container\">\n\t\t\t\t\t\t\t<p><strong>Desde $10 us<\/strong><\/p>\t\t\t\t\t\t<\/div>\n\t\t\t\t<\/div>\n\t\t\t\t<div class=\"elementor-element elementor-element-85bd2e8 elementor-widget elementor-widget-text-editor\" data-id=\"85bd2e8\" data-element_type=\"widget\" data-widget_type=\"text-editor.default\">\n\t\t\t\t<div class=\"elementor-widget-container\">\n\t\t\t\t\t\t\t<p>\ud83d\udccc <strong>Te facilitamos la creaci\u00f3n de curr\u00edculos Profesionales, para la b\u00fasqueda de ofertas laboral.<br \/><\/strong><\/p><p>INCLUYE:<br \/>\u2705 Paginas Creativas seg\u00fan su solicitud.<br \/>\u2705 Colores que se ajusten a tu necesidad.<br \/>\u2705 Agregado de Informaci\u00f3n necesaria corregidas con IA.<br \/>\u2705 Fecha de Entrega M\u00e1ximo 1 d\u00eda, despu\u00e9s de entregado el material base.<br \/>\u2705 Formatos de entrega, PDF y JPG.<\/p>\t\t\t\t\t\t<\/div>\n\t\t\t\t<\/div>\n\t\t\t\t<div class=\"elementor-element elementor-element-03a0ecf elementor-widget__width-initial elementor-widget-mobile__width-initial button-more elementor-align-center elementor-widget-tablet__width-initial elementor-widget-laptop__width-initial elementor-widget elementor-widget-button\" data-id=\"03a0ecf\" data-element_type=\"widget\" data-widget_type=\"button.default\">\n\t\t\t\t<div class=\"elementor-widget-container\">\n\t\t\t\t\t\t\t<div class=\"elementor-button-wrapper\">\n\t\t\t\t\t<a class=\"elementor-button elementor-button-link elementor-size-sm\" href=\"https:\/\/api.whatsapp.com\/send?phone=56935237407&#038;text=Hola%20locreamosdigital.com%20escribo%20porque%20me%20gustar\u00eda%20consultar%20sobre%20la%20creaci\u00f3n%20de%20un%20Curriculum:\" target=\"_blank\">\n\t\t\t\t\t\t<span class=\"elementor-button-content-wrapper\">\n\t\t\t\t\t\t<span class=\"elementor-button-icon\">\n\t\t\t\t<i aria-hidden=\"true\" class=\"fab fa-whatsapp\"><\/i>\t\t\t<\/span>\n\t\t\t\t\t\t\t\t\t<span class=\"elementor-button-text\">Consulta Directa Whatsapp<\/span>\n\t\t\t\t\t<\/span>\n\t\t\t\t\t<\/a>\n\t\t\t\t<\/div>\n\t\t\t\t\t\t<\/div>\n\t\t\t\t<\/div>\n\t\t\t\t<div class=\"elementor-element elementor-element-81c6380 elementor-widget__width-initial elementor-widget-mobile__width-initial button-cart wew-align-center elementor-widget elementor-widget-wew-woo-add-to-cart\" data-id=\"81c6380\" data-element_type=\"widget\" data-widget_type=\"wew-woo-add-to-cart.default\">\n\t\t\t\t<div class=\"elementor-widget-container\">\n\t\t\t\n\t\t\t<div class=\"wew-addtocart-wrap\">\n\t\t\t\t<a href=\"?add-to-cart=49556\" class=\"wew-addtocart button product_type_simple add_to_cart_button ajax_add_to_cart\" data-quantity=\"1\" data-product_id=\"49556\" rel=\"nofollow\">\n\t\t\t\t\t\t\t\t\t\t\t<span class=\"wew-button-icon elementor-align-icon-left\">\n\t\t\t\t\t\t\t<i class=\"fa fa-shopping-bag\" aria-hidden=\"true\"><\/i>\n\t\t\t\t\t\t<\/span>\n\t\t\t\t\t\n\t\t\t\t\t<span class=\"wew-addtocart-text\">Pagar  $10 us<\/span>\n\n\t\t\t\t\t\t\t\t\t<\/a>\n\t\t\t<\/div>\n\n\t\t\t\t<\/div>\n\t\t\t\t<\/div>\n\t\t\t\t\t<\/div>\n\t\t<\/div>\n\t\t\t\t\t<\/div>\n\t\t<\/section>\n\t\t\t\t<section class=\"elementor-section elementor-top-section elementor-element elementor-element-1cd53a6 elementor-section-boxed elementor-section-height-default elementor-section-height-default\" data-id=\"1cd53a6\" data-element_type=\"section\">\n\t\t\t\t\t\t<div class=\"elementor-container elementor-column-gap-default\">\n\t\t\t\t\t<div class=\"elementor-column elementor-col-100 elementor-top-column elementor-element elementor-element-9e3a663\" data-id=\"9e3a663\" data-element_type=\"column\">\n\t\t\t<div class=\"elementor-widget-wrap elementor-element-populated\">\n\t\t\t\t\t\t<div class=\"elementor-element elementor-element-bd2de07 wvn-title-heading style-bg elementor-widget__width-inherit elementor-widget elementor-widget-heading\" data-id=\"bd2de07\" data-element_type=\"widget\" data-widget_type=\"heading.default\">\n\t\t\t\t<div class=\"elementor-widget-container\">\n\t\t\t<h3 class=\"elementor-heading-title elementor-size-default\">MUESTRA DE EJEMPLO DE PRESENTACIONES CURR\u00cdCULUM<\/h3>\t\t<\/div>\n\t\t\t\t<\/div>\n\t\t\t\t\t<\/div>\n\t\t<\/div>\n\t\t\t\t\t<\/div>\n\t\t<\/section>\n\t\t\t\t<section class=\"elementor-section elementor-top-section elementor-element elementor-element-6a20e24 elementor-section-boxed elementor-section-height-default elementor-section-height-default\" data-id=\"6a20e24\" data-element_type=\"section\">\n\t\t\t\t\t\t<div class=\"elementor-container elementor-column-gap-default\">\n\t\t\t\t\t<div class=\"elementor-column elementor-col-25 elementor-top-column elementor-element elementor-element-76f64c2\" data-id=\"76f64c2\" data-element_type=\"column\">\n\t\t\t<div class=\"elementor-widget-wrap elementor-element-populated\">\n\t\t\t\t\t\t<div class=\"elementor-element elementor-element-a14e6d8 elementor-widget elementor-widget-image\" data-id=\"a14e6d8\" data-element_type=\"widget\" data-widget_type=\"image.default\">\n\t\t\t\t<div class=\"elementor-widget-container\">\n\t\t\t\t\t\t\t\t\t\t\t\t\t<img decoding=\"async\" width=\"723\" height=\"1024\" src=\"https:\/\/locreamosdigital.com\/wp-content\/uploads\/2025\/02\/Creacion-de-Curriculum-Profesionales-3-723x1024.jpg\" class=\"attachment-large size-large wp-image-49552\" alt=\"\" srcset=\"https:\/\/locreamosdigital.com\/wp-content\/uploads\/2025\/02\/Creacion-de-Curriculum-Profesionales-3-723x1024.jpg 723w, https:\/\/locreamosdigital.com\/wp-content\/uploads\/2025\/02\/Creacion-de-Curriculum-Profesionales-3-212x300.jpg 212w, https:\/\/locreamosdigital.com\/wp-content\/uploads\/2025\/02\/Creacion-de-Curriculum-Profesionales-3-768x1087.jpg 768w, https:\/\/locreamosdigital.com\/wp-content\/uploads\/2025\/02\/Creacion-de-Curriculum-Profesionales-3-600x849.jpg 600w, https:\/\/locreamosdigital.com\/wp-content\/uploads\/2025\/02\/Creacion-de-Curriculum-Profesionales-3.jpg 801w\" sizes=\"(max-width: 723px) 100vw, 723px\" \/>\t\t\t\t\t\t\t\t\t\t\t\t\t<\/div>\n\t\t\t\t<\/div>\n\t\t\t\t\t<\/div>\n\t\t<\/div>\n\t\t\t\t<div class=\"elementor-column elementor-col-25 elementor-top-column elementor-element elementor-element-35e837c\" data-id=\"35e837c\" data-element_type=\"column\">\n\t\t\t<div class=\"elementor-widget-wrap elementor-element-populated\">\n\t\t\t\t\t\t<div class=\"elementor-element elementor-element-5dd9059 elementor-widget elementor-widget-image\" data-id=\"5dd9059\" data-element_type=\"widget\" data-widget_type=\"image.default\">\n\t\t\t\t<div class=\"elementor-widget-container\">\n\t\t\t\t\t\t\t\t\t\t\t\t\t<img decoding=\"async\" width=\"723\" height=\"1024\" src=\"https:\/\/locreamosdigital.com\/wp-content\/uploads\/2025\/02\/Creacion-de-Curriculum-Profesionales-1-723x1024.jpg\" class=\"attachment-large size-large wp-image-49553\" alt=\"\" srcset=\"https:\/\/locreamosdigital.com\/wp-content\/uploads\/2025\/02\/Creacion-de-Curriculum-Profesionales-1-723x1024.jpg 723w, https:\/\/locreamosdigital.com\/wp-content\/uploads\/2025\/02\/Creacion-de-Curriculum-Profesionales-1-212x300.jpg 212w, https:\/\/locreamosdigital.com\/wp-content\/uploads\/2025\/02\/Creacion-de-Curriculum-Profesionales-1-768x1087.jpg 768w, https:\/\/locreamosdigital.com\/wp-content\/uploads\/2025\/02\/Creacion-de-Curriculum-Profesionales-1-600x849.jpg 600w, https:\/\/locreamosdigital.com\/wp-content\/uploads\/2025\/02\/Creacion-de-Curriculum-Profesionales-1.jpg 801w\" sizes=\"(max-width: 723px) 100vw, 723px\" \/>\t\t\t\t\t\t\t\t\t\t\t\t\t<\/div>\n\t\t\t\t<\/div>\n\t\t\t\t\t<\/div>\n\t\t<\/div>\n\t\t\t\t<div class=\"elementor-column elementor-col-25 elementor-top-column elementor-element elementor-element-203fd89\" data-id=\"203fd89\" data-element_type=\"column\">\n\t\t\t<div class=\"elementor-widget-wrap elementor-element-populated\">\n\t\t\t\t\t\t<div class=\"elementor-element elementor-element-999bedc elementor-widget elementor-widget-image\" data-id=\"999bedc\" data-element_type=\"widget\" data-widget_type=\"image.default\">\n\t\t\t\t<div class=\"elementor-widget-container\">\n\t\t\t\t\t\t\t\t\t\t\t\t\t<img loading=\"lazy\" decoding=\"async\" width=\"723\" height=\"1024\" src=\"https:\/\/locreamosdigital.com\/wp-content\/uploads\/2025\/02\/Creacion-de-Curriculum-Profesionales-4-723x1024.jpg\" class=\"attachment-large size-large wp-image-49554\" alt=\"\" srcset=\"https:\/\/locreamosdigital.com\/wp-content\/uploads\/2025\/02\/Creacion-de-Curriculum-Profesionales-4-723x1024.jpg 723w, https:\/\/locreamosdigital.com\/wp-content\/uploads\/2025\/02\/Creacion-de-Curriculum-Profesionales-4-212x300.jpg 212w, https:\/\/locreamosdigital.com\/wp-content\/uploads\/2025\/02\/Creacion-de-Curriculum-Profesionales-4-768x1087.jpg 768w, https:\/\/locreamosdigital.com\/wp-content\/uploads\/2025\/02\/Creacion-de-Curriculum-Profesionales-4-600x849.jpg 600w, https:\/\/locreamosdigital.com\/wp-content\/uploads\/2025\/02\/Creacion-de-Curriculum-Profesionales-4.jpg 801w\" sizes=\"(max-width: 723px) 100vw, 723px\" \/>\t\t\t\t\t\t\t\t\t\t\t\t\t<\/div>\n\t\t\t\t<\/div>\n\t\t\t\t\t<\/div>\n\t\t<\/div>\n\t\t\t\t<div class=\"elementor-column elementor-col-25 elementor-top-column elementor-element elementor-element-59a86fc\" data-id=\"59a86fc\" data-element_type=\"column\">\n\t\t\t<div class=\"elementor-widget-wrap elementor-element-populated\">\n\t\t\t\t\t\t<div class=\"elementor-element elementor-element-fe4ae67 elementor-widget elementor-widget-image\" data-id=\"fe4ae67\" data-element_type=\"widget\" data-widget_type=\"image.default\">\n\t\t\t\t<div class=\"elementor-widget-container\">\n\t\t\t\t\t\t\t\t\t\t\t\t\t<img loading=\"lazy\" decoding=\"async\" width=\"723\" height=\"1024\" src=\"https:\/\/locreamosdigital.com\/wp-content\/uploads\/2025\/02\/Creacion-de-Curriculum-Profesionales-2-723x1024.jpg\" class=\"attachment-large size-large wp-image-49555\" alt=\"\" srcset=\"https:\/\/locreamosdigital.com\/wp-content\/uploads\/2025\/02\/Creacion-de-Curriculum-Profesionales-2-723x1024.jpg 723w, https:\/\/locreamosdigital.com\/wp-content\/uploads\/2025\/02\/Creacion-de-Curriculum-Profesionales-2-212x300.jpg 212w, https:\/\/locreamosdigital.com\/wp-content\/uploads\/2025\/02\/Creacion-de-Curriculum-Profesionales-2-768x1087.jpg 768w, https:\/\/locreamosdigital.com\/wp-content\/uploads\/2025\/02\/Creacion-de-Curriculum-Profesionales-2-600x849.jpg 600w, https:\/\/locreamosdigital.com\/wp-content\/uploads\/2025\/02\/Creacion-de-Curriculum-Profesionales-2.jpg 801w\" sizes=\"(max-width: 723px) 100vw, 723px\" \/>\t\t\t\t\t\t\t\t\t\t\t\t\t<\/div>\n\t\t\t\t<\/div>\n\t\t\t\t\t<\/div>\n\t\t<\/div>\n\t\t\t\t\t<\/div>\n\t\t<\/section>\n\t\t\t\t<\/div>\n\t\t","protected":false},"excerpt":{"rendered":"<p>Creaci\u00f3n de\u00a0 Curr\u00edculum\u00a0 PROFESIONAL\u00a0 Desde $10 us \ud83d\udccc Te facilitamos la creaci\u00f3n de curr\u00edculos Profesionales, para la b\u00fasqueda de ofertas laboral. INCLUYE:\u2705 Paginas Creativas seg\u00fan su solicitud.\u2705 Colores que se ajusten a tu necesidad.\u2705 Agregado de Informaci\u00f3n necesaria corregidas con IA.\u2705 Fecha de Entrega M\u00e1ximo 1 d\u00eda, despu\u00e9s de entregado el material base.\u2705 Formatos de [&hellip;]<\/p>\n","protected":false},"author":1,"featured_media":0,"parent":0,"menu_order":0,"comment_status":"closed","ping_status":"closed","template":"elementor_header_footer","meta":{"footnotes":""},"_links":{"self":[{"href":"https:\/\/locreamosdigital.com\/index.php\/wp-json\/wp\/v2\/pages\/49549"}],"collection":[{"href":"https:\/\/locreamosdigital.com\/index.php\/wp-json\/wp\/v2\/pages"}],"about":[{"href":"https:\/\/locreamosdigital.com\/index.php\/wp-json\/wp\/v2\/types\/page"}],"author":[{"embeddable":true,"href":"https:\/\/locreamosdigital.com\/index.php\/wp-json\/wp\/v2\/users\/1"}],"replies":[{"embeddable":true,"href":"https:\/\/locreamosdigital.com\/index.php\/wp-json\/wp\/v2\/comments?post=49549"}],"version-history":[{"count":4,"href":"https:\/\/locreamosdigital.com\/index.php\/wp-json\/wp\/v2\/pages\/49549\/revisions"}],"predecessor-version":[{"id":49562,"href":"https:\/\/locreamosdigital.com\/index.php\/wp-json\/wp\/v2\/pages\/49549\/revisions\/49562"}],"wp:attachment":[{"href":"https:\/\/locreamosdigital.com\/index.php\/wp-json\/wp\/v2\/media?parent=49549"}],"curies":[{"name":"wp","href":"https:\/\/api.w.org\/{rel}","templated":true}]}}