{"id":39518,"date":"2023-07-27T16:06:25","date_gmt":"2023-07-27T16:06:25","guid":{"rendered":"https:\/\/locreamosdigital.cl\/?post_type=product&#038;p=39518"},"modified":"2024-11-20T11:54:53","modified_gmt":"2024-11-20T14:54:53","slug":"compra-de-dominio-com","status":"publish","type":"product","link":"https:\/\/locreamosdigital.com\/index.php\/product\/compra-de-dominio-com\/","title":{"rendered":"Compra de Dominio.com"},"content":{"rendered":"<p>Servicio de Adquisici\u00f3n de DOMINIOS.COM \/ ORG \/NET \/INFO<\/p>\n<p>Servicio de Compra x 1 A\u00f1o &#8211; SI DESEA 2 o 3\u00a0 A\u00d1OS DESCUENTO DEL 10% (CONTACTARNOS)<\/p>\n<p>Consulta primero\u00a0 la disponibilidad de Dominios: .COM \/ ORG \/NET \/INFO<\/p>\n<p><span style=\"vertical-align: inherit;\"><span style=\"vertical-align: inherit;\">[wp24_control de dominio]<\/span><\/span><\/p>\n<p>&nbsp;<\/p>\n<p>En el caso de estar Disponible, Agregar al Carrito y seguir los pasos de pagos para concretar la compra del Dominio, cualquier duda nos puede consultar en el area del Chat, Whatsapp o email.<\/p>\n<p>\u00bfQUE ES UN DOMINIO WEB?<\/p>\n<p>Un dominio web es una direcci\u00f3n \u00fanica en internet que se utiliza para identificar y acceder a un sitio web espec\u00edfico. Est\u00e1 compuesto por dos partes principales:<\/p>\n<ol>\n<li>Nombre de dominio: Es la parte legible y memorizable que generalmente representa el nombre de una empresa, organizaci\u00f3n, individuo o concepto. Por ejemplo, en \u00ab<a href=\"http:\/\/www.ejemplo.com\/\" target=\"_new\" rel=\"noopener\">www.ejemplo.com<\/a>\u00ab, \u00abejemplo\u00bb es el nombre de dominio.<\/li>\n<li>Extensi\u00f3n de dominio: Tambi\u00e9n conocida como dominio de nivel superior (TLD, por sus siglas en ingl\u00e9s), es la parte que sigue al nombre de dominio y generalmente indica el tipo o la categor\u00eda del sitio web. Algunos ejemplos comunes de extensiones de dominio incluyen \u00ab.com\u00bb (comercial), \u00ab.org\u00bb (organizaci\u00f3n), \u00ab.net\u00bb (red), \u00ab.edu\u00bb (educativo) y \u00ab.gov\u00bb (gubernamental), entre otros.<\/li>\n<\/ol>\n<p>Los dominios web se utilizan para traducir las direcciones IP num\u00e9ricas de los servidores en las que se encuentra alojado un sitio web en nombres de f\u00e1cil recordaci\u00f3n para los usuarios. Esto facilita la navegaci\u00f3n en internet, ya que los usuarios pueden escribir un nombre de dominio en lugar de una larga serie de n\u00fameros.<\/p>\n<p>Para adquirir un dominio web, generalmente debes registrarlo a trav\u00e9s de registradores de dominios autorizados. Una vez que has registrado un dominio, puedes asociarlo a un servidor web para alojar tu sitio web y hacer que sea accesible en l\u00ednea. Los dominios web son una parte fundamental de la presencia en internet y desempe\u00f1an un papel importante en la identificaci\u00f3n y promoci\u00f3n de sitios web en todo el mundo.<\/p>\n","protected":false},"excerpt":{"rendered":"<p>Servicios Adicionales: DOMINIOS.COM \/ ORG \/NET \/INFO<\/p>\n","protected":false},"featured_media":40955,"comment_status":"open","ping_status":"closed","template":"","meta":[],"product_cat":[91,114,115,92,104,113,111],"product_tag":[117,94,118,110],"_links":{"self":[{"href":"https:\/\/locreamosdigital.com\/index.php\/wp-json\/wp\/v2\/product\/39518"}],"collection":[{"href":"https:\/\/locreamosdigital.com\/index.php\/wp-json\/wp\/v2\/product"}],"about":[{"href":"https:\/\/locreamosdigital.com\/index.php\/wp-json\/wp\/v2\/types\/product"}],"replies":[{"embeddable":true,"href":"https:\/\/locreamosdigital.com\/index.php\/wp-json\/wp\/v2\/comments?post=39518"}],"wp:featuredmedia":[{"embeddable":true,"href":"https:\/\/locreamosdigital.com\/index.php\/wp-json\/wp\/v2\/media\/40955"}],"wp:attachment":[{"href":"https:\/\/locreamosdigital.com\/index.php\/wp-json\/wp\/v2\/media?parent=39518"}],"wp:term":[{"taxonomy":"product_cat","embeddable":true,"href":"https:\/\/locreamosdigital.com\/index.php\/wp-json\/wp\/v2\/product_cat?post=39518"},{"taxonomy":"product_tag","embeddable":true,"href":"https:\/\/locreamosdigital.com\/index.php\/wp-json\/wp\/v2\/product_tag?post=39518"}],"curies":[{"name":"wp","href":"https:\/\/api.w.org\/{rel}","templated":true}]}}