{"id":40707,"date":"2023-09-11T21:20:46","date_gmt":"2023-09-11T21:20:46","guid":{"rendered":"https:\/\/locreamosdigital.cl\/?post_type=product&#038;p=40707"},"modified":"2024-11-20T15:53:21","modified_gmt":"2024-11-20T18:53:21","slug":"packdisenoeventos","status":"publish","type":"product","link":"https:\/\/locreamosdigital.com\/index.php\/product\/packdisenoeventos\/","title":{"rendered":"Pack Dise\u00f1o Eventos"},"content":{"rendered":"<div class=\"elementor-element elementor-element-19b0952 elementor-widget__width-initial elementor-widget elementor-widget-text-editor\" data-id=\"19b0952\" data-element_type=\"widget\" data-widget_type=\"text-editor.default\">\n<div class=\"elementor-widget-container\">\n<div class=\"elementor-element elementor-element-bc563d1 elementor-widget__width-initial elementor-widget elementor-widget-text-editor\" data-id=\"bc563d1\" data-element_type=\"widget\" data-widget_type=\"text-editor.default\">\n<div class=\"elementor-widget-container\">\n<div class=\"elementor-element elementor-element-19b0952 elementor-widget__width-initial elementor-widget elementor-widget-text-editor\" data-id=\"19b0952\" data-element_type=\"widget\" data-widget_type=\"text-editor.default\">\n<div class=\"elementor-widget-container\">\n<div class=\"elementor-element elementor-element-387013b elementor-widget__width-initial elementor-widget elementor-widget-text-editor\" data-id=\"387013b\" data-element_type=\"widget\" data-widget_type=\"text-editor.default\">\n<div class=\"elementor-widget-container\">\n<div class=\"elementor-element elementor-element-ee2df47 elementor-widget__width-initial elementor-widget elementor-widget-text-editor\" data-id=\"ee2df47\" data-element_type=\"widget\" data-widget_type=\"text-editor.default\">\n<div class=\"elementor-widget-container\">\n<div class=\"elementor-element elementor-element-35dbe19 elementor-widget__width-initial elementor-widget elementor-widget-text-editor\" data-id=\"35dbe19\" data-element_type=\"widget\" data-widget_type=\"text-editor.default\">\n<div class=\"elementor-widget-container\"><\/div>\n<\/div>\n<div class=\"elementor-element elementor-element-685a5dd elementor-widget elementor-widget-text-editor\" data-id=\"685a5dd\" data-element_type=\"widget\" data-widget_type=\"text-editor.default\">\n<h1><i class=\"fas fa-check\"><\/i><em><strong>Detalles del Servicios\u00a0<\/strong><\/em><\/h1>\n<div>&#8211; Creaci\u00f3n de Dise\u00f1o de Entradas (2 Opciones a Escoger).<br \/>\n<i class=\"fas fa-check\"><\/i>&#8211; Elementos Gr\u00e1ficos Complejo.<br \/>\n<i class=\"fas fa-check\"><\/i>&#8211; Creaci\u00f3n de 3 Dise\u00f1os de Campa\u00f1a Publicitarios.<br \/>\n<i class=\"fas fa-check\"><\/i>&#8211; Formatos de entrega: JPG \u2013 PNG \u2013 PDF<br \/>\n<i class=\"fas fa-check\"><\/i>\u00a0SE HACEN LAS CORRECCIONES NECESARIOS.<br \/>\n&#8212;&#8212;&#8212;&#8212;&#8212;&#8212;&#8212;&#8212;&#8212;&#8212;&#8212;&#8212;&#8212;&#8212;&#8212;&#8212;&#8212;&#8212;&#8212;&#8212;&#8212;&#8212;-<\/div>\n<div><\/div>\n<\/div>\n<\/div>\n<\/div>\n<\/div>\n<\/div>\n<\/div>\n<\/div>\n<\/div>\n<\/div>\n<\/div>\n<\/div>\n<p><strong>Transforma tus Eventos con Nuestro Pack de Dise\u00f1o Integral<\/strong><\/p>\n<p>En\u00a0 Lo creamos digital, sabemos que los eventos exitosos dependen de una presentaci\u00f3n visual impresionante y una campa\u00f1a publicitaria efectiva. Con m\u00e1s de 20 a\u00f1os de experiencia en dise\u00f1o gr\u00e1fico y marketing, estamos aqu\u00ed para ofrecerte un pack de dise\u00f1o completo que har\u00e1 que tus eventos destaquen y dejen una impresi\u00f3n duradera.<\/p>\n<p><strong>Nuestro Pack de Dise\u00f1o para Eventos Incluye:<\/strong><\/p>\n<p><strong>1. Dise\u00f1o de Entrada Impactante:<\/strong><\/p>\n<ul>\n<li>Creaci\u00f3n de una entrada personalizada que cautivar\u00e1 a tus asistentes desde el primer momento.<\/li>\n<li>Dise\u00f1os \u00fanicos que reflejan la tem\u00e1tica y el estilo de tu evento.<\/li>\n<\/ul>\n<p><strong>2. Campa\u00f1a Publicitaria Efectiva:<\/strong><\/p>\n<ul>\n<li>Desarrollo un dise\u00f1o que se pueda trabajar en estrategia de marketing\u00a0 para promocionar tu evento.<\/li>\n<li>Dise\u00f1o para materiales promocionales tanto graficos como impresos, como banners, folletos y contenido en redes sociales.<\/li>\n<\/ul>\n<p><strong>Por qu\u00e9 Elegirnos:<\/strong><\/p>\n<ul>\n<li><strong>Experiencia Comprobada:<\/strong> M\u00e1s de 20 a\u00f1os de experiencia en dise\u00f1o gr\u00e1fico y marketing de eventos.<\/li>\n<li><strong>Creatividad Ilimitada:<\/strong> Nuestro equipo de dise\u00f1adores y expertos en marketing est\u00e1 listo para superar tus expectativas.<\/li>\n<li><strong>Resultados Medibles:<\/strong> Nos enfocamos en obtener resultados tangibles para que tu evento sea un \u00e9xito.<\/li>\n<\/ul>\n<p><strong>C\u00f3mo Trabajamos:<\/strong><\/p>\n<ol>\n<li><strong>Consulta Inicial:<\/strong> Comenzamos con una reuni\u00f3n para comprender tus objetivos y la visi\u00f3n de tu evento.<\/li>\n<li><strong>Dise\u00f1o Personalizado:<\/strong> Creamos dise\u00f1os a medida que se ajusten a tus necesidades y estilo.<\/li>\n<li><strong>Campa\u00f1a Publicitaria:<\/strong> Ejecutamos una estrategia de marketing s\u00f3lida para aumentar la visibilidad de tu evento.<\/li>\n<li><strong>Seguimiento y Mejoras:<\/strong> Medimos el rendimiento de la campa\u00f1a y realizamos ajustes seg\u00fan sea necesario.<\/li>\n<\/ol>\n<p><strong>Destaca en tus Eventos con Lo Creamos Digital.<\/strong><\/p>\n<p>En Lo Creamos Digital, creemos que cada evento es una oportunidad \u00fanica para impresionar a tu audiencia y lograr tus objetivos. Perm\u00edtenos ayudarte a crear una entrada memorable y una campa\u00f1a publicitaria efectiva que garantice el \u00e9xito de tu pr\u00f3ximo evento.<\/p>\n<p><strong>\u00a1Cont\u00e1ctanos Hoy Mismo para Iniciar la Transformaci\u00f3n de tus Eventos!<\/strong><\/p>\n","protected":false},"excerpt":{"rendered":"<h2 style=\"text-align: center;\"><i>PACK DE DISE\u00d1OS PARA EVENTOS<\/p>\n<p><\/i><\/h2>\n","protected":false},"featured_media":40740,"comment_status":"open","ping_status":"closed","template":"","meta":[],"product_cat":[141,135,144,145,150,151],"product_tag":[147,149,148],"_links":{"self":[{"href":"https:\/\/locreamosdigital.com\/index.php\/wp-json\/wp\/v2\/product\/40707"}],"collection":[{"href":"https:\/\/locreamosdigital.com\/index.php\/wp-json\/wp\/v2\/product"}],"about":[{"href":"https:\/\/locreamosdigital.com\/index.php\/wp-json\/wp\/v2\/types\/product"}],"replies":[{"embeddable":true,"href":"https:\/\/locreamosdigital.com\/index.php\/wp-json\/wp\/v2\/comments?post=40707"}],"wp:featuredmedia":[{"embeddable":true,"href":"https:\/\/locreamosdigital.com\/index.php\/wp-json\/wp\/v2\/media\/40740"}],"wp:attachment":[{"href":"https:\/\/locreamosdigital.com\/index.php\/wp-json\/wp\/v2\/media?parent=40707"}],"wp:term":[{"taxonomy":"product_cat","embeddable":true,"href":"https:\/\/locreamosdigital.com\/index.php\/wp-json\/wp\/v2\/product_cat?post=40707"},{"taxonomy":"product_tag","embeddable":true,"href":"https:\/\/locreamosdigital.com\/index.php\/wp-json\/wp\/v2\/product_tag?post=40707"}],"curies":[{"name":"wp","href":"https:\/\/api.w.org\/{rel}","templated":true}]}}